(-14)/(-1))/(4/(-392)). Let u = q - 507. What is the units digit of u?
1
Let j = -256 - -229. What is the units digit of 15116/36 + (-3)/j?
0
Suppose -2*h + 261 = 4*r - 597, -423 = -2*r - 3*h. Let q = r - 167. What is the tens digit of q?
4
Suppose -42831 = -5*q - 2*b, 14657 = 2*q + 2*b - 2467. What is the units digit of q?
9
What is the units digit of (-26 - (2 + -4)) + 10807?
3
Suppose -52*f + 57*f = 2*v - 46684, 3*v = 5*f + 70021. What is the thousands digit of v?
3
Let k(j) = -j**3 + 26*j**2 - 26*j - 21. Let q(x) = -x**3 - 7*x**2 - 14*x - 24. Let m be q(-6). What is the units digit of k(m)?
7
Let i be 10 - (-5 - -5 - -5). Let m be (-45)/(-10) - (-1)/(-2). Suppose c - 827 = -m*f, 0*f - 2*f + i*c = -397. What is the hundreds digit of f?
2
Suppose 39*c - 48096 = 1176 - 10194. What is the thousands digit of c?
1
Suppose -2978976 = 54*u - 131*u. What is the thousands digit of u?
8
Let i = 3213 - 1260. What is the hundreds digit of i?
9
Suppose 3*z + 0*z - 738 = -3*r, 3*z + 5*r - 748 = 0. Let t = -133 + z. Suppose -2*b = -t - 84. What is the tens digit of b?
9
Let v = 612 - 323. Suppose -2*y - 5*r = -v, 3*y - 2*r - 443 = -0*y. What is the units digit of y?
7
Suppose -5*u = -3*l - 12740 - 3664, -3274 = -u + 4*l. What is the tens digit of u?
8
Suppose i + 3*c - 2 = 0, 3*i - 3*c = 6 - 0. Suppose -i*m - 25 = -7*m. Suppose -2*n + 2*o + 24 = 0, -m*n = -o - 3*o - 61. What is the tens digit of n?
1
Let b = 4081 - 2534. Suppose -231 = 7*a - b. What is the tens digit of a?
8
Let h(c) be the first derivative of 4*c**3/3 + 9*c**2 + 2*c - 2. Let p be h(-6). Suppose p = 5*l + v, 25 = 4*l - 0*l - v. What is the units digit of l?
7
Suppose 0 = 8*d + 1 - 17. Suppose 3*j - p + 28 = 0, 3*j + j - d*p = -40. What is the tens digit of (4/j)/(7/(-560))?
4
Let h = 29981 - 2341. What is the units digit of h?
0
Suppose -8*p = 9*p - 170. What is the units digit of 0 - -10 - p/2 - -686?
1
Suppose 0 = 26*m - 23*m - 3255. Suppose m = 3*p + b, 0 = -5*p + 3*p + 4*b + 700. What is the hundreds digit of p?
3
Let v = -11998 - -22007. What is the thousands digit of v?
0
Let v(c) = -c**2 + 14*c - 42 + 9*c + 0*c**2. Let n be (-5 - (-426)/24)/((-3)/(-4)). What is the units digit of v(n)?
0
Suppose -2*i = 9*l - 17672 + 5213, -1365 = -l + 3*i. What is the units digit of l?
3
Let z(u) = -199*u - 1284. What is the hundreds digit of z(-37)?
0
Suppose -5*f = 28*n - 27*n - 6835, 2*n + 2*f - 13622 = 0. What is the hundreds digit of n?
8
Let b be -345*((1 + 140/(-21) - -2) + 4). Let h = -190 - 76. Let p = b - h. What is the tens digit of p?
5
Suppose 0 = -q - 3*q - 476. Let r = 629 + q. Suppose -12*v + 1098 = -r. What is the tens digit of v?
3
Suppose 168 = 8*c - 104. Let i = -32 + c. What is the tens digit of (27/i)/((-5)/(-10))?
2
Suppose -5*m + 3822 = -4038. Let f = m + -954. What is the hundreds digit of f?
6
Suppose 14*x + 4*x - 72 = 0. Let u(t) = 18*t**3 + 5*t**2 - 2*t + 5. What is the units digit of u(x)?
9
Let z be (-4)/3*24/(-32)*-14. Let p = 19 + z. Suppose 2*x + 62 = g, -4*g + 3*x - 37 = -p*g. What is the tens digit of g?
5
Let q = 450 - 256. Suppose 2*o - q = -2*y, -o + 5*o = -5*y + 393. Let j = 143 - o. What is the units digit of j?
1
What is the units digit of ((-12 - -18) + -2)*842?
8
Let u = -2766 + 12875. What is the thousands digit of u?
0
Let j(t) = -13*t + 10. Let d be j(2). Let v = 552 + d. What is the tens digit of v?
3
Suppose p = -5*p + 60. Suppose -9*r + p*r = -4*g + 10, 5*g - 3*r = 21. Suppose g*i + 114 = 6*i - 2*j, 4*i = 3*j + 152. What is the tens digit of i?
3
Let i(k) = 10*k**2 + 21*k - 19. Let a(m) = 10*m**2 + 22*m - 19. Let y(c) = -4*a(c) + 5*i(c). What is the units digit of y(6)?
3
Let g(f) = f**2 + f - 1. Let y(h) = -57*h**2 - 2*h + 4. Let v(q) = -2*g(q) - y(q). Let j(m) = -m**2 + 3*m - 2. Let t be j(3). What is the units digit of v(t)?
8
Suppose 3*w = o + 8815, 0 = 4*w + 4*o - 0*o - 11780. Let n = w - 1498. What is the hundreds digit of n?
4
Suppose -55500 + 15020 = -20*d. What is the units digit of d?
4
What is the ten thousands digit of (-3)/(-11) - 12/(-18)*849543/22?
2
Let m = 50 - -258. Suppose 0 = -2*j + m + 70. What is the tens digit of j?
8
Let v = -36 + 47. Suppose 185 = v*u - 1146. Let m = 252 - u. What is the hundreds digit of m?
1
Suppose 2*l - 3*t = -61 + 288, -4*t - 111 = -l. Suppose 59 - 299 = -4*a. Suppose 5*r = -0*i - 3*i + l, -4*i + a = 2*r. What is the tens digit of r?
2
Let l be ((-21)/(-24) - 1) + (-150)/(-48). Suppose -4*y = -l*y - 3*y. Suppose 50*c - 46*c - 672 = y. What is the hundreds digit of c?
1
Let l be (-10)/(-3)*51/34. Suppose 5*m - 958 = -3*b - 119, l*m + 526 = 2*b. What is the hundreds digit of b?
2
Suppose -4 = -3*u + 8. Let s be -1*9/6 + 598/u. Suppose -107*k + 108*k - s = 0. What is the hundreds digit of k?
1
Suppose -3001*c + 751600 = -2993*c. What is the thousands digit of c?
3
Let a be -3 - (-538 + 1) - (7 - 12). Suppose 4181 = 5*c - i, 2*c = -5*i - a + 2206. What is the hundreds digit of c?
8
Let u(y) be the third derivative of y**4/4 - 10*y**3/3 - 9*y**2. Let l be u(8). Let b = 38 + l. What is the tens digit of b?
6
Let l(d) = 1312*d + 3394. What is the ten thousands digit of l(10)?
1
Suppose 3*h = 3*x + 457 + 2936, 0 = -3*h - 4*x + 3365. What is the thousands digit of h?
1
Let q = 1344 + 1186. What is the units digit of q?
0
Let r(i) = -i**2 - 22*i - 38. Let b be r(-20). Let h(v) = 5*v**b + 3 - 3*v + v**3 + v + v. What is the tens digit of h(-4)?
2
Let r(v) = -6*v**2 + 13*v + 3. Suppose 3*c + 3*a = -3, -2*a + 5*a + 4 = -4*c. Let u(x) = -x**2 + 1. Let z(t) = c*r(t) + 4*u(t). What is the tens digit of z(9)?
4
Let b = -1206 - -3993. Suppose b = 4*c - 557. Suppose -c = -10*o - o. What is the tens digit of o?
7
Let q(o) = o**3 + 7*o**2 - o. Let x be q(-5). Let l = x + -50. Suppose 0 = l*h - 297 - 118. What is the tens digit of h?
8
Let h(m) = m**3 - 34*m**2 - 83*m + 74. Let c be h(36). Let w = 578 + c. What is the units digit of w?
6
Let p = 47 - 48. Let i be 9/(-21) + -6*p/14. Suppose -2*c = -i*c - 3*w - 273, 0 = c + w - 139. What is the tens digit of c?
3
What is the thousands digit of (34 - -1400)*(304/12 - 2)?
3
What is the thousands digit of (-368412)/(-33) + (-2)/(-2)?
1
Let p = -89 + 89. Suppose 0 = -2*k + 4*k + 4*v - 2, -4*k - 4*v + 12 = p. What is the units digit of 576/15 - ((-3)/k - -1)?
8
Suppose -5955 = -2*c + 3*o, -42*o + 46*o - 5920 = -2*c. Suppose -4*g - 1978 = -2*r - 0*r, -3*r + c = -3*g. What is the hundreds digit of r?
9
Suppose 14977 = 7*m + 3168. What is the thousands digit of m?
1
Let x(b) = -b**3 - 5*b**2 + 2. Let q be x(-4). What is the units digit of (-10338)/q + 7 + (-260)/35?
8
Let x(f) = 69*f + 3576. What is the tens digit of x(-37)?
2
Suppose -417*p = -2961254 - 5322451. What is the hundreds digit of p?
8
Let u(x) = x**3 - 101*x**2 + 441*x + 993. What is the thousands digit of u(104)?
9
Suppose -1258*z = -1200*z - 1178908. What is the units digit of z?
6
Let d(i) = i**3 + 21*i**2 - 51*i + 248. What is the units digit of d(-22)?
6
Suppose 20*m - 109545 = -47*m. What is the hundreds digit of m?
6
Let y = -23 + -9. Let m = y + 34. Suppose -b = -m*l + 3*l - 27, 3*b - 5*l - 73 = 0. What is the tens digit of b?
2
Let o = -28036 + 44453. What is the tens digit of o?
1
What is the hundreds digit of 420*((-252)/(-16) - 0/13)?
6
Let m(q) = 2649*q - 3238. What is the hundreds digit of m(7)?
3
Suppose -5*m - 5*c + 63800 = -10*c, -2*c = 10. What is the tens digit of m?
5
Let j be ((-562)/(-3))/(4 - 112/24). Let c = j + 1006. What is the hundreds digit of c?
7
Suppose 0 = -5*l + 5, 17*i - 16*i - 4*l = 13719. What is the tens digit of i?
2
Suppose 236*s - 1814813 = 117*s + 1833132. What is the ten thousands digit of s?
3
Let i = -7614 - -4293. Let h = i - -7971. What is the tens digit of h/24 - (-3)/12?
9
Suppose -r + 12529 = f - 734, 2*f = 2*r - 26526. What is the ten thousands digit of r?
1
Let k = -102 + 104. Suppose 8 = k*j - 5*q, 0*j - 50 = 5*j + 5*q. Let n(s) = -s**3 - 4*s**2 + 12*s + 30. What is the tens digit of n(j)?
3
Suppose 2*w = -0*w - 5*y + 1, 3*y = -9. Suppose -w*g + 276 = -612. What is the hundreds digit of g?
1
Suppose 0 = 3*b - 4*h - 90015, 0 = -2*b - 0*h - 4*h + 60010. What is the ten thousands digit of b?
3
Let v = -499 + 506. Let g(b) = 16*b**2 - 5*b + 107. What is the hundreds digi